 = t + 49. What are the prime factors of k?
2, 11
What are the prime factors of -6 + 7 - (-115 - -1)?
5, 23
Suppose 0 = 4*l + 2*p - 1 - 7, p - 4 = 0. Suppose -4*q - 2*t + 9 = -29, -4*q + 2*t + 42 = l. What are the prime factors of q?
2, 5
Let b be 0/(0 - 3) + -18. Let y = -9 - b. List the prime factors of y.
3
Let k = 1 + 2. Suppose -w - 2*n = k*w - 58, 5*w + 3*n = 72. What are the prime factors of w?
3, 5
Let j = 29 + -9. Let s be (-126)/(-10) - 12/j. What are the prime factors of ((-40)/s)/(1/(-3))?
2, 5
Let k(s) = -4*s + 5. List the prime factors of k(-11).
7
Let t be (0 + -1 - -5)*1. Suppose -5*i + 13 + 8 = k, 0 = t*i + k - 16. What are the prime factors of i?
5
Let l = 0 + 2. Suppose -5*a - 20 = -l*i + 3*i, -4*i + 5*a = -45. List the prime factors of i.
5
Let f = -23 - 111. Let y = f - -88. Let z = -33 - y. List the prime factors of z.
13
Let h = 118 - 3. List the prime factors of h.
5, 23
Suppose 0 = -0*z - z + 4. Suppose 6 = 3*f + z*w, -4*w = -6*w. Suppose 2*n = -l + 20, 9 + 11 = f*n + 3*l. List the prime factors of n.
2, 5
Let y = 126 - -1. List the prime factors of y.
127
Let q = 2 + -2. List the prime factors of (q + -1)*1 - -18.
17
Let r = -34 - -89. What are the prime factors of r?
5, 11
Let v = 5 + -6. Let u = -1 + v. What are the prime factors of (-2)/u*(-3 + 5)?
2
Let f = -17 + 78. What are the prime factors of f?
61
Let m(h) = 4*h + 1. Let k(v) = -1. Let r(z) = -2*k(z) - m(z). List the prime factors of r(-6).
5
Let h(g) = -8*g**3 - g - 1. Let j be h(-1). Let r(f) = j - f**2 + 2*f**2 + 1 + f. What are the prime factors of r(0)?
3
Suppose -3*c - 4*x = -146, -2*c + x + 74 = -16. List the prime factors of c.
2, 23
Suppose 5*o = -4*s + 264, o - s = -6*s + 36. Suppose -5*k + o = -k. What are the prime factors of k?
2, 7
Let r(o) = 61*o**3. Let s be r(-1). Let m = s + 32. Let c = -19 - m. What are the prime factors of c?
2, 5
Let g = -140 + 367. What are the prime factors of g?
227
Suppose u + 9 = 4*u. What are the prime factors of 5/15 - (-62)/u?
3, 7
Suppose 69 + 23 = 4*z. Suppose -5*s + 4*i + 191 = -z, 5*s = -i + 234. List the prime factors of s.
2, 23
Suppose -4*g + 18 = -g. List the prime factors of (-28)/(3*(-4)/g).
2, 7
Suppose 0 = -u + 4*u - 147. List the prime factors of u.
7
Let w(z) = z + 3. Let x be w(-5). List the prime factors of 8/4 + (22 - x).
2, 13
Let m(p) = 25*p + 3. List the prime factors of m(5).
2
Suppose -3*a + 95 = u, -3*a = -5*u + 100 + 285. List the prime factors of u.
2, 5
Let f(i) = -22*i. List the prime factors of f(-1).
2, 11
Suppose 21*r = 20*r + 77. What are the prime factors of r?
7, 11
Let c be 182/6 + 2/(-6). What are the prime factors of 1/(c/9 + -3)?
3
Let c be 23 + 2 + 5 + -7. Let k = -1 + c. List the prime factors of k.
2, 11
Suppose 5*o + 86 = p, -5*p = 4*o - 5*o - 502. List the prime factors of p.
101
List the prime factors of 16*(-5)/(10/(-3)).
2, 3
Let v(y) = -y**3 - 4*y**2 + 9*y + 4. List the prime factors of v(-6).
2, 11
List the prime factors of ((-2)/6)/(4/(-1644)).
137
Suppose -36*c + 34*c + 120 = 0. What are the prime factors of c?
2, 3, 5
Let f(q) = -q**2 - 5*q - 3. Let z be f(-3). Suppose 5*y - 28 = z*x, -3*y = -y - 10. Let h = x - -8. What are the prime factors of h?
7
Suppose -5*y = 5*f - 90, -49 = -5*y + f + 35. List the prime factors of y.
17
Let b(i) = -6*i - 19. What are the prime factors of b(-17)?
83
Let k(r) = 8*r**2 + 19*r - 12. Let h(c) = -3*c**2 - 6*c + 4. Let p(z) = 11*h(z) + 4*k(z). What are the prime factors of p(7)?
17
Suppose 0 = -2*x + 10*x - 120. List the prime factors of x.
3, 5
Let o = -6 + 16. Suppose 2*c = 3*w + o + 49, 5*c + 3*w - 137 = 0. List the prime factors of c.
2, 7
Let w be 16/(-12) + (-2)/3. Let n be (2 - -25)*(-1 - w). Let r = -19 + n. List the prime factors of r.
2
Suppose 4*c - 3 = -19. What are the prime factors of (2/c)/(-1)*6?
3
Let o(m) = 5*m - 3. Let p(k) = 24*k - 16. Let i(j) = -14*o(j) + 3*p(j). List the prime factors of i(7).
2
Suppose -5*t + 4*f + 326 = 0, 7*f - 3*f = 4*t - 260. List the prime factors of t.
2, 3, 11
Let n = 80 - 19. What are the prime factors of n?
61
Let k(u) = 3*u**2 - 27*u - 32. What are the prime factors of k(14)?
2, 89
Suppose -2*n = n + 3*m - 1074, 0 = -2*n - 3*m + 718. What are the prime factors of n?
2, 89
Let o(v) = 17*v**2 + 1. Let j = -4 - -5. Let t = j - 2. List the prime factors of o(t).
2, 3
Suppose -3*t + 2*l - 258 = t, 0 = -2*t - 5*l - 135. List the prime factors of (3/(-5))/(13/t).
3
List the prime factors of (1 - -1)/((-15)/(-1680)).
2, 7
Let a be (-2)/4*(-1 + -1). List the prime factors of 4*(a - (-1 - -1)).
2
Let u = 247 - 169. List the prime factors of u.
2, 3, 13
Let b(n) = -2*n - 11. Let f be b(-14). Let p = -12 + f. What are the prime factors of p?
5
Let s(v) = v**2 - 2*v + 6. Let h be s(4). Suppose -5*b + 265 = 5*k, 3*k = -0*k - b + 165. Suppose 5*f - h - k = 0. What are the prime factors of f?
2, 7
Suppose -l - 3*p = 2, 5*p = 5*l - 0*p - 30. Suppose 0 = m - l - 2. List the prime factors of m.
2, 3
Suppose -q + 18 = 4*q - 3*r, -3*r - 12 = -3*q. List the prime factors of q/2*(-32)/(-12).
2
Let u(b) = b - 1. Let z be u(2). Let y be 12*(2 - 0 - z). What are the prime factors of ((-2)/(-4))/(2/y)?
3
Let x be -9*(1/3 - 3). Suppose -3*c - x = -5*c. What are the prime factors of c?
2, 3
Suppose -4*r - r + 45 = 0. Suppose -27 = 2*q - r. Let j = q + 13. What are the prime factors of j?
2
Let r = 14 - -1. What are the prime factors of r?
3, 5
Let w = 304 + -210. List the prime factors of w.
2, 47
Let y(r) = r**2 - 4*r - 2*r - 3 + 6. Let n(f) = -2*f - 3. Let w be n(-5). What are the prime factors of y(w)?
2, 5
Let o be (-3 + 2)*33/(-1). Let k = o + 13. List the prime factors of k.
2, 23
Let n = -15 + 25. Suppose -n + 24 = 2*o. List the prime factors of o.
7
Suppose 7 = 4*u - 9. Suppose u*c + 42 = 7*c. What are the prime factors of c?
2, 7
Let z(g) = 5*g - 1. Let t be ((-4)/6)/((-2)/6). Suppose 6*k = 2*c + 4*k + t, 5*c - 3 = 3*k. What are the prime factors of z(c)?
2, 7
Suppose -35 = -4*d + 5. Let c be ((-7)/(-3))/1*-3. Let h = c + d. List the prime factors of h.
3
Let f(q) = -q**3 - 14*q**2 - 15*q - 10. Let t be f(-13). Suppose 3*x = 7*x - t. List the prime factors of x.
2
Let q = -3 + 0. Let u(x) = x**2 - x - 4. List the prime factors of u(q).
2
Let r = -7 + 9. Suppose 2*w + 12 = r*a - 2*w, -5*w = -5*a + 15. Suppose a = 6*t - t - 50. What are the prime factors of t?
2, 5
Let i = 23 - 7. Suppose o = -3*o + i. Let j = o + 3. What are the prime factors of j?
7
Let y = 18 + -10. What are the prime factors of 2/(-2) + y/2?
3
Suppose -2*q + 3*v + 288 = 0, -3*q + 4*q = -5*v + 131. Suppose k - 3*k = -5*s + 229, -3*s + 3*k = -q. What are the prime factors of s?
3, 5
List the prime factors of 11/1*6/(12/22).
11
Let j = -53 - -138. Let k = j + -52. What are the prime factors of k?
3, 11
Let b = -440 + 635. List the prime factors of b.
3, 5, 13
Suppose 74 = 5*c - 931. What are the prime factors of c?
3, 67
Let i(a) = -a + 5. Let x be i(0). Suppose -3*k + 0*k - 4*m + 48 = 0, 9 = 2*k - x*m. What are the prime factors of k?
2, 3
Suppose -3*d + 474 = -2*m, 498 = 2*d + m + 175. Suppose -2*z - d = -7*z. Let k = -16 + z. What are the prime factors of k?
2
Let l(f) = f**3 + 14*f**2 + 9*f + 16. What are the prime factors of l(-13)?
2, 17
Let w be (-5 + 3)*(-3 - -2). Suppose -3*f = w*f - 55. List the prime factors of f.
11
Let d(o) = o**2 + 8*o - 1. List the prime factors of d(-9).
2
Suppose -q + 8 = 3, -a - q + 5 = 0. Suppose 0 = 4*h - a*h - 40. What are the prime factors of h?
2, 5
Let t(w) = w**2 - 15*w - 24. List the prime factors of t(21).
2, 3, 17
Let r(n) = -n**2 - n - 21. Let x be r(0). Let o be (0 + 1)*1*31. Let z = o + x. List the prime factors of z.
2, 5
Let c = -1 + 142. Suppose 0 = -3*l - l + o + 112, -o - c = -5*l. What are the prime factors of l?
29
Let v = 2 + 1. Let i be (-4)/(-26) - 308/(-26). Suppose d - v*u + 5*u - i = 0, 45 = 4*d + 5*u. What are the prime factors of d?
2, 5
Let x(i) = i**2 + 4*i + 2. Let n be x(-4). Let r be -6*n*1 - 0. Let m = -5 - r. What are the prime factors of m?
7
Suppose 4*h - 13 = 3. Suppose f - 3 = -4, -2*y = -h*f - 80. List the prime factors of y.
2, 19
Let c(s) be the third derivative of s**5/60 - s**4/12 - s**3/2 + s**2. Let w be c(-2). Let p = 11 - w. What are the prime facto